rime?
True
Is 950471287 prime?
True
Is 745237111 a composite number?
False
Is 5586495901 a composite number?
True
Is 636317819 prime?
False
Is 29299550029 composite?
False
Is 1447851221 a prime number?
True
Is 1830118957 prime?
False
Is 8396929427 prime?
False
Is 26173490621 a prime number?
True
Is 11149991053 composite?
False
Is 24561600103 composite?
False
Is 21526840221 composite?
True
Is 1040078491 composite?
True
Is 9531396521 a prime number?
True
Is 612847379 a prime number?
True
Is 4111111399 composite?
True
Is 1457643973 composite?
False
Is 4018698769 composite?
True
Is 6193648091 a composite number?
False
Is 100358651 a prime number?
False
Is 41352676627 a prime number?
True
Is 671274053 composite?
True
Is 8889037561 prime?
True
Is 9378772363 composite?
False
Is 2943351737 composite?
False
Is 2340267233 a prime number?
False
Is 16550854679 a composite number?
True
Is 40020738893 a prime number?
False
Is 12925766957 prime?
True
Is 313811759 prime?
False
Is 99352699 composite?
True
Is 53571542267 composite?
True
Is 314844077 composite?
True
Is 8900469713 composite?
True
Is 11725626701 a prime number?
False
Is 27684475171 prime?
True
Is 6386661889 composite?
False
Is 9458757039 a prime number?
False
Is 171040343 a composite number?
False
Is 119524075019 composite?
False
Is 25608861053 a prime number?
True
Is 20671563907 prime?
False
Is 15257138671 prime?
False
Is 3452573 composite?
True
Is 156169364627 a prime number?
False
Is 40857967 a prime number?
True
Is 1485221383 prime?
False
Is 101902621 a prime number?
True
Is 8405490143 prime?
True
Is 4760534213 composite?
True
Is 458759459 a composite number?
False
Is 139624430753 a prime number?
False
Is 9320287661 a prime number?
False
Is 32936776453 prime?
False
Is 1016966857 a prime number?
True
Is 2371633129 composite?
False
Is 15619693241 prime?
False
Is 1012816433 composite?
False
Is 13248619 a composite number?
True
Is 77212693123 a composite number?
False
Is 17162048831 composite?
False
Is 10310247347 a composite number?
False
Is 86777256407 prime?
True
Is 11253320873 a prime number?
False
Is 19207186949 prime?
True
Is 1777042973 prime?
True
Is 1835647829 composite?
True
Is 31292850029 a composite number?
True
Is 9861218137 composite?
False
Is 13792658323 composite?
True
Is 27268259 prime?
True
Is 9466050661 prime?
False
Is 10309365377 prime?
True
Is 9895607119 composite?
False
Is 96534281 prime?
True
Is 1489936081 composite?
False
Is 1102022249 prime?
False
Is 1089388505 a prime number?
False
Is 3749490859 a prime number?
True
Is 2380739701 a composite number?
True
Is 2878596241 prime?
False
Is 136020520613 a prime number?
True
Is 70332088282 a composite number?
True
Is 16015369471 a composite number?
False
Is 300418385237 prime?
True
Is 261377639 a composite number?
False
Is 687712405 prime?
False
Is 11771339297 a prime number?
False
Is 2420562421 composite?
True
Is 4200154279 a composite number?
False
Is 883320247 a prime number?
True
Is 142796649463 a prime number?
False
Is 19170348559 composite?
True
Is 1564732919 a composite number?
True
Is 2559063623 a prime number?
True
Is 7671546479 a composite number?
False
Is 9176520547 composite?
True
Is 217210541 a prime number?
True
Is 2156112373 a composite number?
False
Is 861378169 composite?
False
Is 105973333 prime?
False
Is 3204882871 prime?
True
Is 718421537 a prime number?
False
Is 115639915 composite?
True
Is 10051144241 a prime number?
False
Is 1758908197 a composite number?
True
Is 3281537191 a composite number?
False
Is 32078536033 a composite number?
False
Is 7599468199 a composite number?
True
Is 1184013731 composite?
False
Is 17861961629 composite?
False
Is 351476007 prime?
False
Is 409282889 composite?
False
Is 2072938193 a prime number?
True
Is 120018937 a composite number?
True
Is 8612724041 prime?
False
Is 32396500481 prime?
False
Is 27631064249 composite?
True
Is 1638549791 prime?
True
Is 37786614179 composite?
False
Is 25209296081 a composite number?
False
Is 1526526481 prime?
False
Is 275338757 composite?
False
Is 8833081487 prime?
True
Is 58394908459 prime?
True
Is 6601964855 composite?
True
Is 1492749529 a prime number?
False
Is 808531211 a composite number?
False
Is 101863243 prime?
True
Is 3198723823 a composite number?
True
Is 5784153397 a prime number?
False
Is 4988337 composite?
True
Is 712931371 a composite number?
True
Is 9488293 a prime number?
False
Is 20495043047 prime?
False
Is 8445449587 a composite number?
False
Is 11702257933 composite?
False
Is 9806051 prime?
False
Is 698706377 a prime number?
False
Is 5951034589 a composite number?
False
Is 97406358463 composite?
True
Is 4001887613 a prime number?
False
Is 116816935561 a prime number?
False
Is 2260031129 a prime number?
False
Is 253615471 a composite number?
False
Is 38475306929 composite?
True
Is 1243387087 a prime number?
True
Is 6770790721 a composite number?
False
Is 49998575477 a composite number?
True
Is 1437306377 composite?
True
Is 177506710681 composite?
False
Is 1082456119 prime?
True
Is 11519173109 a prime number?
False
Is 1792345727 a prime number?
False
Is 318468547 prime?
True
Is 1165803461 composite?
True
Is 7687926517 a prime number?
True
Is 26738350271 a composite number?
True
Is 42212928623 a composite number?
True
Is 1719395273 a prime number?
False
Is 621686553 a composite number?
True
Is 3174648829 a composite number?
True
Is 5482654231 prime?
False
Is 793234171 prime?
True
Is 6485483089 a prime number?
True
Is 214260859 a prime number?
True
Is 872773679 composite?
False
Is 15902752219 a composite number?
True
Is 289806787 a prime number?
True
Is 2269558217 a prime number?
False
Is 344292595 prime?
False
Is 2405288833 composite?
False
Is 160631641 prime?
True
Is 491500673 a prime number?
True
Is 39122374591 prime?
False
Is 8556101843 composite?
True
Is 68777107547 composite?
False
Is 12899633 prime?
True
Is 1452228985 a prime number?
False
Is 3036567991 composite?
False
Is 109072138679 prime?
False
Is 1882922854 composite?
True
Is 75091927 composite?
False
Is 57128818301 a composite number?
False
Is 28513998701 prime?
False
Is 164076538127 a prime number?
True
Is 34310069797 prime?
True
Is 9801344797 composite?
True
Is 17238637063 composite?
True
Is 16886270393 a prime number?
False
Is 6106449935 composite?
True
Is 386053027 composite?
False
Is 10809546389 a composite number?
True
Is 61343247883 a prime number?
True
Is 11261896747 prime?
False
Is 3992232053 a prime number?
True
Is 165009199 composite?
True
Is 6366685891 a composite number?
True
Is 20490080599 composite?
True
Is 5540205563 prime?
True
Is 22552205551 composite?
False
Is 26141009 a composite number?
True
Is 713215649 prime?
True
Is 5784087557 prime?
False
Is 171736867 composite?
True
Is 1553349193 prime?
False
Is 3153177541 a prime number?
True
Is 2771599643 a composite number?
True
Is 34671806233 a prime number?
False
Is 81737897 prime?
False
Is 408504637 composite?
True
Is 4370298943 prime?
False
Is 74940561863 composite?
False
Is 154703839 a composite number?
True
Is 293523947 composite?
True
Is 1197029987 a prime number?
False
Is 69805548499 prime?
True
Is 16122252823 a composite number?
False
Is 7502107 prime?
True
Is 60487391247 a prime number?
False
Is 1969200749 prime?
True
Is 2187110941 a prime number?
True
Is 1986646093 a prime number?
True
Is 781552547 composite?
False
Is 187772369 composite?
False
Is 346614769 a composite number?
True
Is 1028429713 a composite number?
True
Is 1422669782 a prime number?
False
Is 4687067681 a composite number?
True
Is 538386241 a composite number?
False
Is 7625745973 composite?
False
Is 406929847 a composite number?
False
Is 48094937299 composite?
False
Is 16930616033 a prime number?
True
Is 1508782337 composite?
True
Is 89720233 a prime number?
True
Is 9247981669 a prime number?
True
Is 195577682309 a prime number?
False
Is 95259484891 prime?
True
Is 1099069889 prime?
True
Is 1132973783 composite?
False
Is 2495418995 composite?
True
Is 1921385801 composite?
True
Is 3001869383 a composite number?
True
Is 150013817 composite?
True
Is 5650877341 a prime number?
True
Is 3910384769 a prime number?
False
Is 939129617 composite?
False
Is 2629482851 a composite number?
False
Is 1659913349 composite?
False
Is 35373495061 a 